{"id":81,"date":"2022-12-11T10:30:29","date_gmt":"2022-12-11T10:30:29","guid":{"rendered":"https:\/\/brettspiel.cdn.eu.com\/?page_id=81"},"modified":"2023-01-09T19:44:41","modified_gmt":"2023-01-09T19:44:41","slug":"der-konflikt-zwischen-mexiko-und-den-usa","status":"publish","type":"page","link":"https:\/\/escapar.cdn.eu.com\/?page_id=81","title":{"rendered":"der konflikt zwischen mexiko und den usa"},"content":{"rendered":"\n<p><\/p>\n\n\n\n<p>Die USA und Mexiko haben seit Jahrzehnten ein angespanntes Verh\u00e4ltnis, was ein Grund f\u00fcr die Ablehnung der Mexikaner in den USA, vor allem seitens der Republikaner, ist. Die wichtigsten Konfliktpunkte sind:<\/p>\n\n\n\n<figure class=\"wp-block-table is-style-stripes\"><table><tbody><tr><td><strong>Grenzmauer<\/strong><\/td><\/tr><tr><td>Der ehemalige US-Pr\u00e4sident Trump wollte an der rund 3.200 Kilometer langen Grenze zwischen den USA und Mexiko eine Mauer errichten, um die illegale Einwanderung und den Drogenschmuggel zu stoppen. Mexiko sollte f\u00fcr die Mauer zahlen. Denkbar war, dass die USA den Bau \u00fcber Strafz\u00f6lle auf&nbsp;in Mexiko&nbsp;gefertigte Produkte oder mit Steuern auf \u00dcberweisungen von in den USA arbeitenden Mexikanern in die Heimat finanzieren.<\/td><\/tr><tr><td><strong>Migration<\/strong><\/td><\/tr><tr><td>Gerade die republikanische Partei der USA zielt darauf hinaus, die rund 5,8 Millionen Mexikaner, welche sich ohne Papiere in den Vereinigten Staaten aufhalten, abzuschieben. Die Integration von Millionen Menschen w\u00fcrde Mexiko vor enorme Probleme stellen.<\/td><\/tr><tr><td><strong>Sicherheit<\/strong><\/td><\/tr><tr><td>Zu konstanten, gegenseitigen Anschuldigungen f\u00fchrt die&nbsp;Drogenpolitik Mexikos, respektive die Waffenpolitik der USA. Mexiko unternehme zu wenig im Kampf gegen die Drogenkartelle und die damit verbundene Korruption, hei\u00dft es aus Regierungskreisen der USA. Die Mexikaner kontern mit dem Argument, dass die ganzen Waffen der Drogengangs aus den USA stammen. Zudem werde nur die immense&nbsp;Nachfrage der US-amerikanischen Gesellschaft&nbsp;nach stimulierenden Substanzen befriedigt. Ohne Nachfrage w\u00fcrde es keinen Markt geben! Ein wahrer gesellschaftlicher Konflikt, der das Verh\u00e4ltnis noch jahrelang pr\u00e4gen wird. Andererseits kooperieren die beiden L\u00e4nder immer st\u00e4rker in der grenz\u00fcbergreifenden Bek\u00e4mpfung der Kriminalit\u00e4t.<\/td><\/tr><\/tbody><\/table><\/figure>\n\n\n\n<div class=\"wp-block-buttons is-layout-flex wp-block-buttons-is-layout-flex\"><\/div>\n\n\n\n<hr class=\"wp-block-separator has-alpha-channel-opacity\"\/>\n\n\n\n<div class=\"wp-block-buttons is-content-justification-center is-layout-flex wp-container-core-buttons-is-layout-a89b3969 wp-block-buttons-is-layout-flex\">\n<div class=\"wp-block-button\"><a class=\"wp-block-button__link wp-element-button\" href=\"http:\/\/karte.escapar.cdn.eu.com\">N\u00e4chste Karte<\/a><\/div>\n<\/div>\n\n\n\n<figure class=\"wp-block-table is-style-stripes\"><table><tbody><tr><td><strong>Quellen<\/strong><\/td><\/tr><tr><td>Focus (Hrsg.): USA und Mexiko im Konflikt. Die wichtigsten Streitpunkte im \u00dcberblick, https:\/\/www.focus.de\/politik\/ausland\/usa-und-mexiko-im-konflikt-die-wichtigsten-streitpunkte-im-ueberblick_id_6692717.html [Stand: 10.12.2022]<\/td><\/tr><tr><td>Planet Mexiko (Hrsg.): Verh\u00e4ltnis zwischen Mexiko und den USA, https:\/\/www.planet-mexiko.com\/gesellschaft\/verhaeltnis-mexiko-usa\/ [Stand: 10.12.2022]<\/td><\/tr><\/tbody><\/table><\/figure>\n","protected":false},"excerpt":{"rendered":"<p>Die USA und Mexiko haben seit Jahrzehnten ein angespanntes Verh\u00e4ltnis, was ein Grund f\u00fcr die Ablehnung der Mexikaner in den USA, vor allem seitens der Republikaner, ist. Die wichtigsten Konfliktpunkte sind: Grenzmauer Der ehemalige US-Pr\u00e4sident Trump wollte an der rund 3.200 Kilometer langen Grenze zwischen den USA und Mexiko eine Mauer errichten, um die illegale [&hellip;]<\/p>\n","protected":false},"author":2,"featured_media":0,"parent":0,"menu_order":0,"comment_status":"closed","ping_status":"closed","template":"","meta":{"footnotes":""},"class_list":["post-81","page","type-page","status-publish","hentry"],"_links":{"self":[{"href":"https:\/\/escapar.cdn.eu.com\/index.php?rest_route=\/wp\/v2\/pages\/81","targetHints":{"allow":["GET"]}}],"collection":[{"href":"https:\/\/escapar.cdn.eu.com\/index.php?rest_route=\/wp\/v2\/pages"}],"about":[{"href":"https:\/\/escapar.cdn.eu.com\/index.php?rest_route=\/wp\/v2\/types\/page"}],"author":[{"embeddable":true,"href":"https:\/\/escapar.cdn.eu.com\/index.php?rest_route=\/wp\/v2\/users\/2"}],"replies":[{"embeddable":true,"href":"https:\/\/escapar.cdn.eu.com\/index.php?rest_route=%2Fwp%2Fv2%2Fcomments&post=81"}],"version-history":[{"count":6,"href":"https:\/\/escapar.cdn.eu.com\/index.php?rest_route=\/wp\/v2\/pages\/81\/revisions"}],"predecessor-version":[{"id":189,"href":"https:\/\/escapar.cdn.eu.com\/index.php?rest_route=\/wp\/v2\/pages\/81\/revisions\/189"}],"wp:attachment":[{"href":"https:\/\/escapar.cdn.eu.com\/index.php?rest_route=%2Fwp%2Fv2%2Fmedia&parent=81"}],"curies":[{"name":"wp","href":"https:\/\/api.w.org\/{rel}","templated":true}]}}