{"id":52,"date":"2022-10-22T13:02:54","date_gmt":"2022-10-22T13:02:54","guid":{"rendered":"https:\/\/brettspiel.cdn.eu.com\/?page_id=52"},"modified":"2023-01-13T13:56:28","modified_gmt":"2023-01-13T13:56:28","slug":"gruende-fuer-den-migrationsfluss","status":"publish","type":"page","link":"https:\/\/escapar.cdn.eu.com\/?page_id=52","title":{"rendered":"ursachen des migrationsflusses"},"content":{"rendered":"\n<p>Trotz der hohen Gefahr stellen sich viele Lateinamerikaner der Gefahr, illegal in die USA einzuwandern.<\/p>\n\n\n\n<p> <em>&#8222;Was auch immer mit uns passiert, und wenn sie mich auch t\u00f6ten, so ist das besser als in die H\u00f6lle zur\u00fcckzukehren, in der ich gelebt habe&#8220;<\/em>, sagt einer jener. Im <em>Land der unbegrenzten M\u00f6glichkeiten<\/em> suchen sie ihr Gl\u00fcck, aber was sind die Motive? <\/p>\n\n\n\n<p>Folgende Tabelle fasst die Gr\u00fcnde f\u00fcr die Abwanderung zusammen:<\/p>\n\n\n\n<figure class=\"wp-block-table is-style-stripes\"><table><tbody><tr><td><strong>Push-Faktoren (=Probleme in Lateinamerika, die zu Auswanderung motivieren)<\/strong><\/td><td><strong>Pull-Faktoren (=Anreize in den USA, die zu Auswanderung motivieren)<\/strong><\/td><\/tr><tr><td>\u00dcberbev\u00f6lkerung<\/td><td>N\u00e4he zur Heimat<\/td><\/tr><tr><td>niedriges Lohnniveau<\/td><td>h\u00f6heres Lohnniveau<\/td><\/tr><tr><td>mangelhaftes Bildungssystem<\/td><td>Bildungschancen<\/td><\/tr><tr><td>Armut &amp; Arbeitslosigkeit<\/td><td>Arbeitskr\u00e4ftemangel &#8211; leichtes Finden eines Arbeitsplatzes<\/td><\/tr><tr><td>starke soziale Disparit\u00e4ten<\/td><td>&#8222;American Dream&#8220; &#8211; die Hoffnung, in den USA durchzustarten<\/td><\/tr><tr><td>schlechte humanit\u00e4re Versorgung<\/td><td><\/td><\/tr><tr><td>unsichere Rechtslage \/ Rechtslosigkeit<\/td><td><\/td><\/tr><\/tbody><\/table><\/figure>\n\n\n\n<figure class=\"wp-block-image aligncenter size-full\"><img loading=\"lazy\" decoding=\"async\" width=\"370\" height=\"500\" src=\"https:\/\/escapar.cdn.eu.com\/wp-content\/uploads\/2022\/12\/Cartoon-Mexican-Border.jpg\" alt=\"\" class=\"wp-image-70\" srcset=\"https:\/\/escapar.cdn.eu.com\/wp-content\/uploads\/2022\/12\/Cartoon-Mexican-Border.jpg 370w, https:\/\/escapar.cdn.eu.com\/wp-content\/uploads\/2022\/12\/Cartoon-Mexican-Border-222x300.jpg 222w\" sizes=\"auto, (max-width: 370px) 100vw, 370px\" \/><\/figure>\n\n\n\n<hr class=\"wp-block-separator has-alpha-channel-opacity\"\/>\n\n\n\n<div class=\"wp-block-buttons is-content-justification-center is-layout-flex wp-container-core-buttons-is-layout-a89b3969 wp-block-buttons-is-layout-flex\">\n<div class=\"wp-block-button\"><a class=\"wp-block-button__link wp-element-button\" href=\"http:\/\/karte.escapar.cdn.eu.com\">N\u00e4chste Karte<\/a><\/div>\n<\/div>\n\n\n\n<figure class=\"wp-block-table is-style-stripes\"><table><tbody><tr><td><strong>Quellen<\/strong><\/td><\/tr><tr><td><em>Gratius, Susanne: Ursachen und Folgen der Migration aus Lateinamerika, in: Institut f\u00fcr Iberoamerika-Kunde Hamburg (Hrsg.): Brennpunkt Lateinamerika. Politik Wirtschaft Gesellschaft, Nr. 14-05.<\/em><\/td><\/tr><tr><td>Arturo Conde: Paying Homage to Groundbreaking Mexican Cartoonists and Their Political Message, https:\/\/www.highbrowmagazine.com\/1171-paying-homage-groundbreaking-mexican-cartoonists-and-their-political-message [Stand: 10.12.2022].<\/td><\/tr><\/tbody><\/table><\/figure>\n","protected":false},"excerpt":{"rendered":"<p>Trotz der hohen Gefahr stellen sich viele Lateinamerikaner der Gefahr, illegal in die USA einzuwandern. &#8222;Was auch immer mit uns passiert, und wenn sie mich auch t\u00f6ten, so ist das besser als in die H\u00f6lle zur\u00fcckzukehren, in der ich gelebt habe&#8220;, sagt einer jener. Im Land der unbegrenzten M\u00f6glichkeiten suchen sie ihr Gl\u00fcck, aber was [&hellip;]<\/p>\n","protected":false},"author":2,"featured_media":0,"parent":0,"menu_order":0,"comment_status":"closed","ping_status":"closed","template":"","meta":{"footnotes":""},"class_list":["post-52","page","type-page","status-publish","hentry"],"_links":{"self":[{"href":"https:\/\/escapar.cdn.eu.com\/index.php?rest_route=\/wp\/v2\/pages\/52","targetHints":{"allow":["GET"]}}],"collection":[{"href":"https:\/\/escapar.cdn.eu.com\/index.php?rest_route=\/wp\/v2\/pages"}],"about":[{"href":"https:\/\/escapar.cdn.eu.com\/index.php?rest_route=\/wp\/v2\/types\/page"}],"author":[{"embeddable":true,"href":"https:\/\/escapar.cdn.eu.com\/index.php?rest_route=\/wp\/v2\/users\/2"}],"replies":[{"embeddable":true,"href":"https:\/\/escapar.cdn.eu.com\/index.php?rest_route=%2Fwp%2Fv2%2Fcomments&post=52"}],"version-history":[{"count":7,"href":"https:\/\/escapar.cdn.eu.com\/index.php?rest_route=\/wp\/v2\/pages\/52\/revisions"}],"predecessor-version":[{"id":215,"href":"https:\/\/escapar.cdn.eu.com\/index.php?rest_route=\/wp\/v2\/pages\/52\/revisions\/215"}],"wp:attachment":[{"href":"https:\/\/escapar.cdn.eu.com\/index.php?rest_route=%2Fwp%2Fv2%2Fmedia&parent=52"}],"curies":[{"name":"wp","href":"https:\/\/api.w.org\/{rel}","templated":true}]}}