{"id":40,"date":"2022-10-21T19:58:17","date_gmt":"2022-10-21T19:58:17","guid":{"rendered":"https:\/\/brettspiel.cdn.eu.com\/?page_id=40"},"modified":"2023-01-13T13:53:08","modified_gmt":"2023-01-13T13:53:08","slug":"rio-grande-2","status":"publish","type":"page","link":"https:\/\/escapar.cdn.eu.com\/?page_id=40","title":{"rendered":"rio grande 2"},"content":{"rendered":"\n<p>Als du dich an einem Brunnen in der N\u00e4he des Marktplatzes etwas abk\u00fchlen willst, siehst du im Augenwinkel, wie eine Person neben dich tritt.<\/p>\n\n\n\n<p>Es ist eine braunhaarige Frau mittleren Alters, ihr folgend zwei kleine Jungs.<\/p>\n\n\n\n<p>Du kommst mit ihr ins Gespr\u00e4ch und erf\u00e4hrst, dass auch sie vorhat, die US-mexikanische Grenze zu \u00fcberqueren. Sie erz\u00e4hlt dir:<\/p>\n\n\n\n<p><em>\u201eMein Mann arbeitet schon seit Jahren in Colorado, letztes Jahr ging mein Sohn zu ihm; auch, um Geld zu verdienen. Langsam halte ich es nicht mehr allein aus, ich will die Beiden endlich wieder um mich haben.<\/em><\/p>\n\n\n\n<p><em>Mein Sohn hat mir von einem Tunnel erz\u00e4hlt, der unter dem Rio Grande verl\u00e4uft. Er beginnt auf einem Bauernhof westlich von Ciudad Ju\u00e1rez und endet weit hinter der Grenzsicherung in der N\u00e4he eines Gewerbegebiets in den Vereinigten Staaten.<\/em><\/p>\n\n\n\n<p><em>Allerdings kommt man nur in den Tunnel, wenn man die \u00f6rtlich dominierende Gang bezahlt; die benutzen den Durchgang wohl auch zum Drogenschmuggel.<\/em><\/p>\n\n\n\n<p><em>Ich habe jetzt ein Jahr lang gespart, damit ich es mir leisten kann.\u201c<\/em><\/p>\n\n\n\n<p>Bevor du etwas erwidern kannst, rufen ihre Kinder nach ihr und sie rennt zu ihnen.<\/p>\n\n\n\n<hr class=\"wp-block-separator has-alpha-channel-opacity\"\/>\n\n\n\n<p><strong>Markiere Ciudad Ju\u00e1rez auf dem Spielbrett mit einer Schleuserfigur.<\/strong><\/p>\n\n\n\n<p><strong>Beachte, dass die Grenz\u00fcberquerung per Schleuser eine Geldkarte kostet.<\/strong><\/p>\n\n\n\n<div class=\"wp-block-buttons is-content-justification-center is-layout-flex wp-container-core-buttons-is-layout-a89b3969 wp-block-buttons-is-layout-flex\">\n<div class=\"wp-block-button\"><a class=\"wp-block-button__link wp-element-button\" href=\"http:\/\/karte.escapar.cdn.eu.com\">N\u00e4chste Karte<\/a><\/div>\n<\/div>\n","protected":false},"excerpt":{"rendered":"<p>Als du dich an einem Brunnen in der N\u00e4he des Marktplatzes etwas abk\u00fchlen willst, siehst du im Augenwinkel, wie eine Person neben dich tritt. Es ist eine braunhaarige Frau mittleren Alters, ihr folgend zwei kleine Jungs. Du kommst mit ihr ins Gespr\u00e4ch und erf\u00e4hrst, dass auch sie vorhat, die US-mexikanische Grenze zu \u00fcberqueren. Sie erz\u00e4hlt [&hellip;]<\/p>\n","protected":false},"author":2,"featured_media":0,"parent":0,"menu_order":0,"comment_status":"closed","ping_status":"closed","template":"","meta":{"footnotes":""},"class_list":["post-40","page","type-page","status-publish","hentry"],"_links":{"self":[{"href":"https:\/\/escapar.cdn.eu.com\/index.php?rest_route=\/wp\/v2\/pages\/40","targetHints":{"allow":["GET"]}}],"collection":[{"href":"https:\/\/escapar.cdn.eu.com\/index.php?rest_route=\/wp\/v2\/pages"}],"about":[{"href":"https:\/\/escapar.cdn.eu.com\/index.php?rest_route=\/wp\/v2\/types\/page"}],"author":[{"embeddable":true,"href":"https:\/\/escapar.cdn.eu.com\/index.php?rest_route=\/wp\/v2\/users\/2"}],"replies":[{"embeddable":true,"href":"https:\/\/escapar.cdn.eu.com\/index.php?rest_route=%2Fwp%2Fv2%2Fcomments&post=40"}],"version-history":[{"count":5,"href":"https:\/\/escapar.cdn.eu.com\/index.php?rest_route=\/wp\/v2\/pages\/40\/revisions"}],"predecessor-version":[{"id":211,"href":"https:\/\/escapar.cdn.eu.com\/index.php?rest_route=\/wp\/v2\/pages\/40\/revisions\/211"}],"wp:attachment":[{"href":"https:\/\/escapar.cdn.eu.com\/index.php?rest_route=%2Fwp%2Fv2%2Fmedia&parent=40"}],"curies":[{"name":"wp","href":"https:\/\/api.w.org\/{rel}","templated":true}]}}