{"id":107,"date":"2022-12-22T21:38:53","date_gmt":"2022-12-22T21:38:53","guid":{"rendered":"https:\/\/brettspiel.cdn.eu.com\/?page_id=107"},"modified":"2023-01-13T15:59:26","modified_gmt":"2023-01-13T15:59:26","slug":"hilfsorganisationen","status":"publish","type":"page","link":"https:\/\/escapar.cdn.eu.com\/?page_id=107","title":{"rendered":"hilfsorganisationen"},"content":{"rendered":"\n<blockquote class=\"wp-block-quote is-layout-flow wp-block-quote-is-layout-flow\">\n<p><strong>[Aus der Sicht eines jugendlichen Migranten, der zusammen mit seinen Freunden Unterschlupf in einer Kirche fand.]<\/strong><\/p>\n\n\n\n<p>&#8222;Ihr seid nicht die ersten Train Kids (= Jugendliche, die mit einem G\u00fcterzug illegal in die USA reisen wollen) in meiner Kirche&#8220;, sagte der Padre. <\/p>\n\n\n\n<p>&#8222;Das hei\u00dft &#8211; Sie haben schon \u00f6fter Leuten wie uns geholfen?&#8220;<\/p>\n\n\n\n<p>&#8222;Naja, wenn du es helfen nennen willst.&#8220; Er winkt ab. &#8222;Das Wenige, was wir tun k\u00f6nnen: Wer wei\u00df schon, ob es jemandem wirklich hilft?&#8220;<\/p>\n\n\n\n<p>Eine Zeit sa\u00dfen wir nur da. Dann sagt Jaz: &#8222;Vielen Dank jedenfalls.&#8220;<\/p>\n\n\n\n<p>Der Padre f\u00fchrt uns in einen Nebenraum und dann weiter durch einen steinernen Gang zu einem Klo mit Waschbecken. Ich schlie\u00dfe mich ein und rei\u00dfe mir die Kleider vom K\u00f6rper. Der ru\u00dfige, \u00f6lige Dreck von den Z\u00fcgen ist so verkrustet, dass ich ihn nur mit einer B\u00fcrste abkriege. Nachdem ich mich abgetrocknet habe, ist das Handtuch mit dunklen Flecken \u00fcbers\u00e4ht.<\/p>\n\n\n\n<p>Unterdessen hat der Padre im Nebenraum schon Tortillas mit Mais und Bohnen f\u00fcr uns auf den Tisch gestellt und ein paar alte Decken auf den Boden gelegt.<\/p>\n<cite>Reinhard, Dirk: Train Kids, 2017.<\/cite><\/blockquote>\n\n\n\n<p>Nicht nur in den Kirchen finden Migranten Unterst\u00fctzung, wenn sie sonst nicht weiter wissen. Es gibt in Mexiko zudem einige Organisationen, die den Menschen tempor\u00e4r Lebensmittel und einen Schlafplatz bereitstellen.<br>Ohne die Hilfestellung der Organisation &#8222;Grupos Beta&#8220;, die dir Wasser und Medikamente gegeben haben, h\u00e4ttest du deine Reise nicht fortf\u00fchren k\u00f6nnen. Als du dich bei der Leiterin bedanken willst, ist sie sehr aufgew\u00fchlt. Nachdem du nachfragst, was der Grund ist, erz\u00e4hlt sie dir von einem anderen Standort der Organisation, welcher unbedingt eine Lieferung eines bestimmten Medikamentes braucht. Die Lieferung befindet sich an deinem Standort. Ungl\u00fccklicherweise ist derzeit kein Fahrer verf\u00fcgbar. Du bietest deine Hilfe an.<\/p>\n\n\n\n<hr class=\"wp-block-separator has-alpha-channel-opacity\"\/>\n\n\n\n<p><strong>Die Organisation hat dir ein Busticket gekauft, mit welchem du die Lieferung in Tampico abgeben konntest. Stelle deine Figur dort auf. Von dort aus kannst du deine Reise fortsetzen.<\/strong><\/p>\n\n\n\n<div class=\"wp-block-buttons is-content-justification-center is-layout-flex wp-container-core-buttons-is-layout-a89b3969 wp-block-buttons-is-layout-flex\">\n<div class=\"wp-block-button\"><a class=\"wp-block-button__link wp-element-button\" href=\"http:\/\/karte.escapar.cdn.eu.com\">N\u00e4chste Karte<\/a><\/div>\n<\/div>\n","protected":false},"excerpt":{"rendered":"<p>[Aus der Sicht eines jugendlichen Migranten, der zusammen mit seinen Freunden Unterschlupf in einer Kirche fand.] &#8222;Ihr seid nicht die ersten Train Kids (= Jugendliche, die mit einem G\u00fcterzug illegal in die USA reisen wollen) in meiner Kirche&#8220;, sagte der Padre. &#8222;Das hei\u00dft &#8211; Sie haben schon \u00f6fter Leuten wie uns geholfen?&#8220; &#8222;Naja, wenn du [&hellip;]<\/p>\n","protected":false},"author":2,"featured_media":0,"parent":0,"menu_order":0,"comment_status":"closed","ping_status":"closed","template":"","meta":{"footnotes":""},"class_list":["post-107","page","type-page","status-publish","hentry"],"_links":{"self":[{"href":"https:\/\/escapar.cdn.eu.com\/index.php?rest_route=\/wp\/v2\/pages\/107","targetHints":{"allow":["GET"]}}],"collection":[{"href":"https:\/\/escapar.cdn.eu.com\/index.php?rest_route=\/wp\/v2\/pages"}],"about":[{"href":"https:\/\/escapar.cdn.eu.com\/index.php?rest_route=\/wp\/v2\/types\/page"}],"author":[{"embeddable":true,"href":"https:\/\/escapar.cdn.eu.com\/index.php?rest_route=\/wp\/v2\/users\/2"}],"replies":[{"embeddable":true,"href":"https:\/\/escapar.cdn.eu.com\/index.php?rest_route=%2Fwp%2Fv2%2Fcomments&post=107"}],"version-history":[{"count":5,"href":"https:\/\/escapar.cdn.eu.com\/index.php?rest_route=\/wp\/v2\/pages\/107\/revisions"}],"predecessor-version":[{"id":217,"href":"https:\/\/escapar.cdn.eu.com\/index.php?rest_route=\/wp\/v2\/pages\/107\/revisions\/217"}],"wp:attachment":[{"href":"https:\/\/escapar.cdn.eu.com\/index.php?rest_route=%2Fwp%2Fv2%2Fmedia&parent=107"}],"curies":[{"name":"wp","href":"https:\/\/api.w.org\/{rel}","templated":true}]}}